git of 25406?
6
What is the units digit of 157?
7
What is the hundreds digit of 2780?
7
What is the thousands digit of 2297?
2
What is the thousands digit of 10799?
0
What is the hundreds digit of 457?
4
What is the units digit of 2656?
6
What is the hundreds digit of 5354?
3
What is the hundreds digit of 10221?
2
What is the units digit of 15?
5
What is the units digit of 26987?
7
What is the tens digit of 29889?
8
What is the units digit of 46946?
6
What is the tens digit of 52297?
9
What is the ten thousands digit of 23236?
2
What is the hundreds digit of 3893?
8
What is the units digit of 304?
4
What is the thousands digit of 19727?
9
What is the tens digit of 8727?
2
What is the tens digit of 16886?
8
What is the tens digit of 635?
3
What is the hundreds digit of 11896?
8
What is the tens digit of 1529?
2
What is the units digit of 620?
0
What is the thousands digit of 1102?
1
What is the tens digit of 108284?
8
What is the units digit of 61955?
5
What is the tens digit of 76629?
2
What is the tens digit of 10937?
3
What is the units digit of 8449?
9
What is the units digit of 86620?
0
What is the units digit of 508?
8
What is the units digit of 49843?
3
What is the hundreds digit of 1669?
6
What is the units digit of 4090?
0
What is the ten thousands digit of 10475?
1
What is the units digit of 1719?
9
What is the units digit of 8152?
2
What is the tens digit of 1444?
4
What is the thousands digit of 96637?
6
What is the thousands digit of 60948?
0
What is the tens digit of 6655?
5
What is the units digit of 117258?
8
What is the hundreds digit of 1252?
2
What is the hundreds digit of 1096?
0
What is the units digit of 329?
9
What is the thousands digit of 2408?
2
What is the thousands digit of 4671?
4
What is the ten thousands digit of 35756?
3
What is the units digit of 8762?
2
What is the thousands digit of 9839?
9
What is the units digit of 6778?
8
What is the ten thousands digit of 59341?
5
What is the thousands digit of 10269?
0
What is the tens digit of 900?
0
What is the units digit of 31348?
8
What is the units digit of 7667?
7
What is the ten thousands digit of 75377?
7
What is the units digit of 422?
2
What is the ten thousands digit of 13752?
1
What is the units digit of 161?
1
What is the hundreds digit of 86278?
2
What is the tens digit of 4749?
4
What is the units digit of 563?
3
What is the tens digit of 1123?
2
What is the hundreds digit of 23634?
6
What is the hundreds digit of 114665?
6
What is the units digit of 20266?
6
What is the hundreds digit of 92721?
7
What is the ten thousands digit of 81470?
8
What is the tens digit of 4419?
1
What is the tens digit of 2241?
4
What is the units digit of 6714?
4
What is the ten thousands digit of 61167?
6
What is the thousands digit of 124398?
4
What is the units digit of 14?
4
What is the thousands digit of 7037?
7
What is the thousands digit of 2534?
2
What is the hundreds digit of 322?
3
What is the units digit of 47455?
5
What is the tens digit of 923?
2
What is the thousands digit of 4759?
4
What is the units digit of 73?
3
What is the hundreds digit of 808?
8
What is the hundreds digit of 174473?
4
What is the units digit of 7803?
3
What is the hundreds digit of 129?
1
What is the hundreds digit of 572?
5
What is the thousands digit of 138903?
8
What is the tens digit of 9518?
1
What is the tens digit of 1385?
8
What is the hundreds digit of 22869?
8
What is the units digit of 34945?
5
What is the hundreds digit of 2035?
0
What is the tens digit of 7425?
2
What is the units digit of 547?
7
What is the tens digit of 4771?
7
What is the thousands digit of 1860?
1
What is the hundreds digit of 349?
3
What is the units digit of 1965?
5
What is the thousands digit of 3764?
3
What is the units digit of 106109?
9
What is the thousands digit of 168744?
8
What is the tens digit of 5731?
3
What is the thousands digit of 5989?
5
What is the units digit of 5953?
3
What is the units digit of 1848?
8
What is the thousands digit of 76639?
6
What is the hundreds digit of 43449?
4
What is the hundreds digit of 1314?
3
What is the tens digit of 23817?
1
What is the tens digit of 10031?
3
What is the hundreds digit of 12405?
4
What is the tens digit of 4018?
1
What is the units digit of 855?
5
What is the units digit of 36225?
5
What is the hundreds digit of 64396?
3
What is the tens digit of 3551?
5
What is the thousands digit of 1179?
1
What is the tens digit of 963?
6
What is the thousands digit of 4103?
4
What is the thousands digit of 42603?
2
What is the thousands digit of 6121?
6
What is the thousands digit of 67535?
7
What is the units digit of 107660?
0
What is the hundreds digit of 1586?
5
What is the tens digit of 623?
2
What is the ten thousands digit of 17372?
1
What is the units digit of 516?
6
What is the tens digit of 3848?
4
What is the hundreds digit of 38477?
4
What is the ten thousands digit of 26001?
2
What is the hundreds digit of 82101?
1
What is the tens digit of 1679?
7
What is the hundreds digit of 800?
8
What is the ten thousands digit of 38923?
3
What is the thousands digit of 15220?
5
What is the units digit of 2251?
1
What is the tens digit of 846?
4
What is the tens digit of 3602?
0
What is the thousands digit of 55678?
5
What is the hundreds digit of 391?
3
What is the tens digit of 17987?
8
What is the tens digit of 10587?
8
What is the tens digit of 16504?
0
What is the hundreds digit of 761?
7
What is the tens digit of 31617?
1
What is the hundreds digit of 16720?
7
What is the ten thousands digit of 23245?
2
What is the ten thousands digit of 13033?
1
What is the hundreds digit of 1629?
6
What is the hundreds digit of 3355?
3
What is the hundreds digit of 659?
6
What is the units digit of 322?
2
What is the hundreds digit of 1078?
0
What is the thousands digit of 33456?
3
What is the units digit of 1604?
4
What is the hundreds digit of 18601?
6
What is the hundreds digit of 3536?
5
What is the units digit of 588?
8
What is the ten thousands digit of 47381?
4
What is the hundreds digit of 1385?
3
What is the units digit of 2831?
1
What is the tens digit of 2214?
1
What is the hundreds digit of 2895?
8
What is the tens digit of 797?
9
What is the tens digit of 5523?
2
What is the ten thousands digit of 99331?
9
What is the units digit of 830?
0
What is the units digit of 110527?
7
What is the hundreds digit of 6200?
2
What is the hundreds digit of 786?
7
What is the thousands digit of 55812?
5
What is the hundreds digit of 815?
8
What is the thousands digit of 56883?
6
What is the ten thousands digit of 70930?
7
What is the units digit of 1152?
2
What is the hundreds digit of 4504?
5
What is the thousands digit of 4052?
4
What is the units digit of 64262?
2
What is the hundreds digit of 1920?
9
What is the units digit of 9544?
4
What is the thousands digit of 1845?
1
What is the hundreds digit of 3885?
8
What is the tens digit of 3468?
6
What is the units digit of 25498?
8
What is the hundreds digit of 27690?
6
What is the ten thousands digit of 16728?
1
What is the thousands digit of 18580?
8
What is the tens digit of 3657?
5
What is the thousands digit of 1529?
1
What is the tens digit of 2503?
0
What is the thousands digit of 21117?
1
What is the hundreds digit of 1286?
2
What is the tens digit of 7593?
9
What is the hundreds digit of 7989?
9
What is the units digit of 19653?
3
What is the thousands digit of 8897?
8
What is the units digit of 1321?
1
What is the tens digit of 770?
7
What is the units digit of 494?
4
What is the tens digit of 2402?
0
What is the tens digit of 1782?
8
What is the hundreds digit of 13500?
5
What is the ten thousands digit of 20591?
2
What is the units digit of 24573?
3
What is the units digit of 475?
5
What is the tens digit of 5109?
0
What is the hundreds digit of 1296?
2
What is the units digit of 3567?
7
What is the thousands digit of 41176?
1
What is the thousands digit of 7192?
7
What is the thousands digit of 4456?
4
What is the tens digit of 9558?
5
What is the hundreds digit of 6168?
1
What is the tens digit of 30762?
6
What is the tens digit of 5575?
7
What is the ten thousands digit of 32499?
3
What is the units digit of 76384?
4
What is the tens digit of 30574?
7
What is the thousands digit of 1057?
1
What 